digit of (-48)/f*(-6)/12?
2
Suppose 0 = 4*g + a - 7, 2*a - 3 = -2*g + 5. Let w = g + 4. Suppose w*x - x = 16. What is the units digit of x?
4
Let b(x) = -3 - 4 + 4 + 12*x. Let i be b(2). What is the tens digit of 405/i - 2/7?
1
Suppose 2*c = -3*c. Suppose -b = -c*b - 4. Suppose 0 = -2*d + 4*d - b*g + 2, -4*g = 3*d - 37. What is the units digit of d?
7
Let q(i) = -2*i**3 - 3*i**2 + 3*i - 3. What is the tens digit of q(-5)?
5
Let l(w) = 2*w**2 - 10*w + 4. Let s be l(7). Suppose 26 + 3 = 4*d + x, -3*x - s = -5*d. What is the units digit of d?
7
Suppose 0 = 2*v + 3*v - 305. What is the tens digit of v?
6
Let q = 6 + -7. What is the units digit of q + 4 - (0 - 1)?
4
Suppose -4*v - 18 + 50 = 3*g, -4*v + 40 = 4*g. Suppose -2*y = -3*p - 6*y + 45, -p = -y - g. What is the units digit of p?
1
Let f(o) = -o**2. Let z(p) = -p + 1 + 3*p**2 + 3 - 4 - 1. Let c(i) = -2*f(i) + z(i). What is the units digit of c(-1)?
5
Suppose 0 = 8*o - 66 + 2. What is the units digit of o?
8
Suppose -2*d - q = -10, 0 = -5*d + 4*q + q + 40. Let w(r) be the first derivative of r**4/4 - 7*r**3/3 + 4*r**2 - 8*r - 1. What is the units digit of w(d)?
4
Suppose 5*c - 616 = -3*a, -a + 222 = -5*c + 50. What is the tens digit of a?
9
Let c(h) be the third derivative of 1/120*h**6 + 0*h - 1/30*h**5 - 1/2*h**3 + 1/12*h**4 + 0 + h**2. What is the units digit of c(2)?
1
Let c be (-3)/2 + (-15)/(-6). Let k be 1*(2/c + -3). What is the units digit of (-1)/(3/(-54)) + k?
7
Suppose -3*z + 3 = -3*k, -2*z + 9 = 5*k - 0*z. What is the units digit of k/((27/(-60))/(-9))?
0
Suppose -4*z = -2*z. Let f be 1 + 3*(-6)/(-9). What is the units digit of -2 + z + 7*f?
9
Suppose 2*a = 4*s - 6*s + 90, 0 = 4*s - 2*a - 192. What is the tens digit of s?
4
Suppose m - 6 - 3 = 0. Let i = -4 + m. Suppose -i*z + 16 = -z. What is the units digit of z?
4
Let s(o) = -o**2 - 3*o - 3. Let f be s(-3). Let k(h) = h**2 + h + 2. What is the units digit of k(f)?
8
Suppose 4*c - 2*c - 98 = 0. What is the tens digit of c?
4
Let o(n) = 5*n**2 + n - 6. What is the units digit of o(3)?
2
Let a(x) = -4*x - 19. Let z be a(-16). Let s = z + -23. What is the units digit of s?
2
What is the units digit of (-2)/(-15) + (-2248)/(-15)?
0
Suppose 5*o - 15 = -2*l, -o + 3*l - 14 = -0. Suppose o = 3*z - 4*n, 2 = -2*z + n + 3*n. Suppose 4*u = b - 15, 4*b - 60 = z*u - u. What is the tens digit of b?
1
Let h = 87 + 67. What is the units digit of h?
4
Let u be ((-56)/24)/((-2)/6). Suppose u + 12 = c. What is the tens digit of c?
1
Suppose 0 = -t + 2, t - 5*t = 3*c + 40. What is the units digit of 1 - c - (-7 - -6)?
8
Suppose -115 = -22*v + 17*v. What is the tens digit of v?
2
Suppose 3*q = 4*n + 57, 5*n = n - 2*q - 62. Let x = n + 30. What is the tens digit of x?
1
Suppose 2*k + 2 = k. What is the units digit of (-15)/k + 15/(-10)?
6
Let u be 5/(5/(-3)) - -1. Let w = 0 - u. Suppose w*s + 0 = 40. What is the units digit of s?
0
Let d(c) = -c + 2. Let f be d(6). Let g = f - -4. Suppose j - 4 = 2*a, 4*j + 5*a - 22 - 7 = g. What is the units digit of j?
6
Let w(c) = -28*c**3 + 4*c**2 + 3*c - 4. What is the tens digit of w(-2)?
3
Suppose -3*p + 4*r = -29, -5*r + 11 = 5*p - 14. What is the units digit of ((-6)/(-5))/(p/35)?
6
Let g(w) = -w**3 - 2*w**2 - 6*w - 4. What is the units digit of g(-5)?
1
Suppose 5*j - 62 = 3*j. What is the tens digit of j?
3
Let o be (-6)/(-1) + (-10)/5. Let l(b) be the first derivative of 2*b**2 - 5*b - 2. What is the units digit of l(o)?
1
Let d = -160 - -226. What is the units digit of d?
6
Suppose 24*n = 25*n - 43. What is the units digit of n?
3
What is the tens digit of (-219)/(20/(-15)*(-9)/(-8))?
4
Let n = 33 - 26. What is the units digit of n?
7
Suppose j + 210 = 2*n, 2*j = n + 4*j - 115. What is the units digit of n?
7
Let v = -273 - -392. What is the units digit of v?
9
Let a(q) = q**2 + q + 26. Let w be a(0). What is the tens digit of w + (3 - 5) + -3?
2
Let y = 202 + -76. What is the units digit of y?
6
What is the units digit of 13 - 11 - (-1 - -2)?
1
Suppose -5*f + 7*f = 74. What is the tens digit of f?
3
Let u be ((-4)/5)/(1/(-5)). Suppose -k = -4*y + 69 - 16, u*k = 5*y - 69. What is the tens digit of y?
1
Let h = 3 + 0. Let f = -1 + h. Suppose f*l - 5 + 23 = -5*w, -5*w = -3*l + 23. What is the units digit of l?
1
Let v(w) = 3*w + 3. Let z be v(-4). Let u = z - -10. Suppose 5*a = 3*f + 8, 39 = 5*a + 5*f - u. What is the units digit of a?
4
Let x(h) = -4*h**3 + h**2 - h - 1. Let k be x(-1). Suppose k = 3*t - 7. What is the units digit of t?
4
Let c = 133 + -195. What is the tens digit of 10/15 + c/(-6)?
1
Let t(f) = f**2 - 12*f - 8. Let r be t(13). Let c(a) = a. Let y be c(3). Suppose -y*h - 26 = -r*h. What is the units digit of h?
3
Let p be -1*(2 - -135) + 0. Let f = p - -83. What is the units digit of (-228)/f - (-2)/(-9)?
4
Let b(x) be the first derivative of 19*x - 2 - 1/2*x**2. What is the tens digit of b(8)?
1
Let b(k) = -5 + 5 - 6*k. What is the tens digit of b(-2)?
1
Let x = 5 - 5. Let q be x/(2 + -5 + 2). Suppose q*r + 8 = 4*r. What is the units digit of r?
2
Let b(u) = -u**3 + 6*u**2 - 7*u + 6. Let a be b(5). What is the units digit of -52*2*a/16?
6
Let p = -6 + 34. What is the tens digit of p?
2
Suppose 74 + 640 = 7*s. What is the tens digit of s?
0
Let r be -13 - (-4)/((-12)/(-9)). Let q = 13 + r. What is the units digit of q?
3
Suppose 6*w + 3 = 3*w + 2*b, 4*w + 24 = -4*b. Let o be (5/w)/(9/(-27)). Suppose -o*f + 0*f + 80 = 0. What is the units digit of f?
6
Let w be 1 + (2 - 5)*-1. Let u(p) = p**2 + p - 2. Let a be u(w). Suppose -q - 13 = -4*n, -n - 1 = -3*q - a. What is the units digit of n?
2
Let v be (-36)/(-3)*4/6. Suppose v*h = 7*h + 40. What is the units digit of h?
0
Let b be (-1)/2 - 3/2. Let q(u) be the second derivative of -u**4/12 - u**3/3 + u**2/2 + u. What is the units digit of q(b)?
1
Let d = 0 - 0. Suppose g = j + 2, 4*g + j - 8 = -d*j. Suppose -n + 3*i = -g*n + 19, 5*i = 5*n - 75. What is the units digit of n?
6
Let u = 2 - 2. What is the units digit of 3 + u - 3 - -18?
8
Let l(k) = -11*k + 41. What is the units digit of l(-12)?
3
Let q = 138 - 198. What is the units digit of 2/(-13) + q/(-52)?
1
Suppose 3*d - 9 = -3. What is the units digit of d/(-2) + (3 - -6)?
8
Let l(m) = -m + 4. Let v be l(6). Let u be ((-5)/v)/(4/8). Suppose -1 + 0 = -d + 2*z, -19 = -4*d + u*z. What is the tens digit of d?
1
Suppose 2*c = 4*c. Suppose -4*h + h + 9 = c. Suppose -n + h*d = 8, n - 3*d = -n - 1. What is the units digit of n?
7
Let f(i) = -i**3 + 7*i**2 - 6*i + 6. Let x be f(6). Let k = -2 + x. What is the units digit of k?
4
Suppose 4*t = s + 7, -3*s = -0*s - 15. Suppose -42 = -t*m - 3*w, 3*w + 37 = 4*m + 2. What is the units digit of m?
1
Suppose -u + 5*t + 72 = 0, 324 - 24 = 5*u + 5*t. What is the units digit of u?
2
Let p(a) = 4*a + 5. Let n = 5 - 1. Let f be p(n). Let s = f + -7. What is the units digit of s?
4
Suppose 0*q + 52 = 4*q. What is the tens digit of q?
1
Let a(z) = z**2 - 5*z + 3. Let j be -1*1*(-3)/(-3). Let u = 4 - j. What is the units digit of a(u)?
3
Suppose -47 = 4*m - 3*w, 0*m - 5*w = -5*m - 60. Let o = 13 + m. What is the units digit of o?
2
Let t = -9 + 9. Suppose -m + 2*i + 6 = t, 3*i + 9 = 5*m - 0*m. Suppose m*n - 10 = -5*n. What is the units digit of n?
2
Let w(l) = 2*l**2 + 1. Let r be w(1). Let c be r*((-4)/(-6))/1. Let p = 11 - c. What is the units digit of p?
9
Suppose 0 = -13*l + 419 + 153. What is the units digit of l?
4
Suppose 2*b = 5*g + 32 - 4, 0 = -b + 2*g + 15. What is the tens digit of b?
1
Suppose -5*l = 3*l - 192. Suppose 0 = 3*b - 0*b - 15. Suppose b*f = 4*t + 57, -4*f - l = -6*f + 2*t. What is the units digit of f?
9
Let u(h) = 2*h**2 - 3*h + 2. Let i(g) = -g**3 + 2*g**2 + 2*g + 3. Let f be i(3). Let y be 2 + -2 + 2 + f. What is the units digit of u(y)?
4
What is the units digit of ((-36)/(-10))/((-8)/(-20))?
9
Let p(n) = -2*n - 15. Let y(m) = m + 8. Let v(x) = 3*p(x) + 7*y(x). What is the units digit of v(-9)?
2
Let m(f) = f**2 + 13*f. Let q be m(-12). Let r be ((-2)/8)/(3/q). Suppose 4*z + r = 2*t + 3*z, -3 = -2*t - z. What is the units digit of t?
1
Let d(g) = g**2 + 3*g - 16. Let p be d(-5). Suppose -k = -35 + 10. What is the units digit of p/(-10) + 135/k?
6
Let f(c) = -3*c - 6. Let i be f(-5). Let w be (i/(-6)*2)/(-3). What is the units digit